t is the greatest common factor of 12 and 66669?
3
What is the highest common factor of 1920 and 4368?
48
Calculate the highest common divisor of 60966 and 81.
27
What is the greatest common divisor of 1077 and 125650?
359
Calculate the highest common divisor of 1187093 and 51.
17
What is the greatest common divisor of 14335 and 60?
5
What is the greatest common divisor of 1420 and 1620?
20
What is the highest common factor of 31 and 1672667?
31
What is the greatest common divisor of 44 and 9482?
22
Calculate the greatest common divisor of 27144 and 3306.
174
What is the highest common divisor of 5375 and 86129?
43
What is the greatest common factor of 10890 and 630?
90
Calculate the greatest common divisor of 221 and 1195025.
13
Calculate the highest common divisor of 325 and 135.
5
Calculate the greatest common divisor of 1107 and 30873.
123
What is the highest common factor of 474 and 94?
2
Calculate the greatest common factor of 139651 and 718.
359
What is the greatest common factor of 45192 and 3864?
168
What is the greatest common divisor of 25 and 4124850?
25
What is the greatest common divisor of 10904 and 522?
58
Calculate the highest common factor of 63909 and 378.
27
Calculate the highest common factor of 5630 and 50.
10
Calculate the greatest common factor of 34912 and 32.
32
What is the highest common factor of 101268 and 6?
6
What is the greatest common factor of 99034 and 5915?
169
Calculate the highest common factor of 3 and 221643.
3
What is the greatest common factor of 88620 and 4260?
60
Calculate the greatest common factor of 1177 and 761305.
107
What is the highest common divisor of 10868 and 115159?
209
Calculate the greatest common divisor of 1872 and 981.
9
Calculate the greatest common divisor of 846 and 6684246.
846
Calculate the highest common divisor of 800492 and 1012.
1012
Calculate the greatest common divisor of 671 and 1037.
61
Calculate the greatest common factor of 21948 and 14868.
708
What is the greatest common factor of 7968 and 3237?
249
Calculate the highest common divisor of 1944 and 19044.
36
What is the greatest common divisor of 1034 and 359174?
94
What is the greatest common divisor of 24096 and 432?
48
What is the highest common divisor of 78 and 886470?
78
Calculate the greatest common factor of 684 and 112632.
228
Calculate the greatest common factor of 1125 and 1375.
125
What is the greatest common factor of 52 and 145756?
52
What is the greatest common factor of 5040 and 120000?
240
What is the greatest common factor of 33966 and 335988?
918
What is the highest common factor of 45 and 61119?
9
What is the greatest common divisor of 46 and 71323?
23
What is the highest common factor of 71874 and 99?
99
Calculate the greatest common factor of 1988 and 329.
7
What is the highest common divisor of 8 and 30332?
4
What is the greatest common factor of 735613 and 149?
149
Calculate the highest common factor of 75166 and 236.
118
What is the greatest common factor of 102 and 1089?
3
What is the highest common factor of 52 and 11791?
13
Calculate the greatest common factor of 24 and 309036.
12
Calculate the highest common divisor of 376229 and 497.
497
What is the greatest common divisor of 4212 and 377?
13
What is the highest common factor of 88196 and 68?
68
Calculate the greatest common factor of 121 and 979.
11
What is the highest common divisor of 90708 and 12?
12
Calculate the highest common factor of 109215 and 135.
135
Calculate the greatest common factor of 174 and 19401.
87
Calculate the highest common divisor of 1113 and 84.
21
Calculate the highest common factor of 74832 and 48.
48
Calculate the highest common factor of 114 and 1404024.
114
What is the greatest common divisor of 12 and 433816?
4
What is the highest common divisor of 306 and 1258?
34
Calculate the highest common factor of 999998 and 1054.
62
What is the greatest common divisor of 2 and 17433?
1
Calculate the highest common factor of 35 and 132223.
7
Calculate the highest common factor of 10731 and 21511.
49
Calculate the highest common factor of 1603 and 5411.
7
Calculate the greatest common divisor of 865 and 1178303.
173
Calculate the highest common divisor of 72627 and 516.
129
What is the highest common factor of 2397 and 2773?
47
Calculate the greatest common factor of 118195 and 1705.
55
Calculate the highest common divisor of 109600 and 152.
8
Calculate the highest common factor of 17 and 732479.
17
Calculate the highest common factor of 111 and 223776.
111
Calculate the greatest common factor of 2019033 and 27.
27
What is the greatest common factor of 275186 and 9?
1
Calculate the greatest common factor of 1043 and 35.
7
Calculate the highest common divisor of 23 and 990311.
23
Calculate the highest common factor of 381696 and 48.
48
What is the highest common divisor of 1648 and 7725?
103
What is the greatest common divisor of 210255 and 2227?
131
Calculate the highest common divisor of 1232 and 22946.
154
Calculate the greatest common factor of 2595 and 3234235.
865
Calculate the greatest common factor of 497 and 259008.
71
What is the greatest common divisor of 24 and 111272?
8
What is the highest common divisor of 5037 and 258681?
69
Calculate the highest common factor of 12174 and 114.
6
What is the greatest common divisor of 15878 and 306?
34
What is the greatest common factor of 30302 and 2289?
109
Calculate the highest common divisor of 2912985 and 855.
855
What is the highest common factor of 3115 and 229175?
445
Calculate the highest common factor of 108 and 680.
4
Calculate the highest common factor of 3 and 311517.
3
Calculate the highest common factor of 56848 and 10098.
374
Calculate the highest common factor of 6440 and 24.
8
Calculate the highest common factor of 298 and 819947.
149
Calculate the greatest common factor of 431032 and 7.
7
What is the highest common divisor of 4080 and 3876?
204
Calculate the greatest common divisor of 166497 and 41952.
1311
Calculate the greatest common factor of 899115 and 105.
105
What is the greatest common divisor of 123370 and 9125?
365
What is the greatest common divisor of 53297 and 1561?
223
What is the greatest common factor of 63552 and 1248?
96
What is the greatest common divisor of 25975 and 100?
25
Calculate the highest common divisor of 238 and 3640.
14
Calculate the greatest common divisor of 99 and 6105.
33
What is the highest common divisor of 833 and 43757?
49
Calculate the greatest common factor of 1132038 and 549.
549
Calculate the greatest common divisor of 276640 and 40.
40
Calculate the greatest common divisor of 279 and 4005.
9
What is the highest common factor of 237 and 21?
3
What is the greatest common divisor of 296 and 93166?
74
Calculate the greatest common factor of 14286 and 48.
6
What is the highest common divisor of 44776 and 12992?
232
Calculate the highest common divisor of 44198 and 462.
154
Calculate the greatest common divisor of 2230 and 20.
10
Calculate the greatest common divisor of 25528377 and 21.
21
What is the greatest common factor of 75772 and 28913?
997
What is the greatest common factor of 681393 and 3?
3
Calculate the greatest common factor of 402400 and 480.
160
What is the greatest common divisor of 21197 and 235?
47
Calculate the highest common factor of 3680 and 944.
16
What is the highest common factor of 115 and 3477232?
23
What is the greatest common divisor of 3612369 and 981?
327
What is the greatest common factor of 127449 and 10143?
441
Calculate the highest common divisor of 19684 and 210.
14
Calculate the greatest common divisor of 72897 and 4512.
141
Calculate the greatest common divisor of 5074 and 12556.
86
What is the highest common divisor of 1340 and 9715?
335
What is the greatest common factor of 23282 and 7?
7
Calculate the highest common factor of 816150 and 300.
150
Calculate the greatest common factor of 1119 and 14920.
373
What is the greatest common divisor of 875 and 306635?
35
Calculate the highest common factor of 54451 and 34.
17
Calculate the greatest common factor of 140 and 7060.
20
Calculate the greatest common factor of 371 and 12508.
53
What is the greatest common divisor of 40 and 3320?
40
What is the highest common divisor of 117231 and 138?
69
Calculate the highest common divis